5, -2*f = 2*q - 6. Suppose -2*r + 0*r = 4*x - 18, -f*r + 3 = 2*x. What are the prime factors of (x/15)/((-2)/(-30))?
2, 3
Let q be -3*-10*3/18. Suppose 4*f + 25 = 3*r + q*f, 22 = 3*r - 2*f. What are the prime factors of r?
2
Let u(v) = 3*v**2 - v + 3. List the prime factors of u(-5).
83
Let s = 10 + 76. What are the prime factors of s?
2, 43
Let r(i) = i**2 - 2*i + 3. Let m be r(2). Suppose -2*k + 17 = -k + g, m = g. What are the prime factors of k?
2, 7
Let f = 19 - 35. Let t = f + 33. What are the prime factors of t?
17
Suppose 4*v - 313 = -3*f, 2*f - v = -0*f + 227. What are the prime factors of f?
3, 37
Let i(v) = v**3 - 10*v**2 + 12*v + 13. What are the prime factors of i(9)?
2, 5
Let a(r) = -r**3 + r**2 + 11. Suppose 4*j - 6 = 6. Suppose 5*b - j = -3*d, 5*b - 2*d = 2*d - 4. List the prime factors of a(b).
11
Suppose 4*z - a = a + 800, -z = 4*a - 218. What are the prime factors of z?
2, 101
Let o(f) be the first derivative of f**4/4 + 2*f**3 - 3*f**2/2 - f + 3. List the prime factors of o(-5).
3, 13
List the prime factors of (-2 + (-51)/(-12))/((-3)/(-256)).
2, 3
Let a(m) = -m**3 + 12*m**2 + 9*m + 7. What are the prime factors of a(10)?
3, 11
Let g be 57 + 4/(12/9). Suppose 0 = j + 2*j - g. What are the prime factors of j?
2, 5
Suppose -5*b + 921 = -174. List the prime factors of b.
3, 73
Suppose 15 = f + 2*f. Let d be f*18/(-20)*-2. Suppose 4*r - 12 = -k, -1 = -5*k + 5*r + d. List the prime factors of k.
2
Let b(y) = y**3 + 12*y**2 + 12*y - 5. What are the prime factors of b(-10)?
3, 5
Suppose -3*u = 2*u + 160. What are the prime factors of (-216)/u + (-1)/(-4)?
7
Suppose o = -o. Suppose 3*w - 4 = 4*k, 0*k - 3*k - 3*w + 18 = o. Suppose -3*c - k*c = -50. List the prime factors of c.
2, 5
Suppose -2*r = 20 - 2. Suppose -2*p + 13 = -b, -p + b + 25 = 4*p. Let m = p - r. List the prime factors of m.
13
Suppose 280 = -0*g + 4*g. Suppose g = -x - x. Let y = -24 - x. List the prime factors of y.
11
Suppose -5 = -a - k, 5*k = 2*a - 9 - 8. Suppose 4*m - a = m. Suppose -4*v + 46 = 5*p - 0*p, 3*v = -m*p + 17. What are the prime factors of p?
2, 5
Let l(u) = -17*u - 7. List the prime factors of l(-6).
5, 19
Let a be (9 - -1)*2/4. Suppose -2*t - 2*t + a*v + 46 = 0, -34 = -4*t - v. List the prime factors of t.
3
Let z(t) = t**3 - 3*t**2 + 2*t. Let b(a) = 2*a**2 + a + 1. Let c be b(-1). Suppose 2*i - 4 = c. List the prime factors of z(i).
2, 3
Let j = 2 + -2. Suppose j = 3*y + y - 44. List the prime factors of y.
11
Let r = -11 + 20. Let a = -13 - -27. Let x = a - r. What are the prime factors of x?
5
Let t(u) = u**2 - u + 49. Let f be t(0). Suppose d = 4*r - 0*r - 15, f = -4*d + 5*r. List the prime factors of (2/(-2))/(1/d).
11
Suppose 4*f + 41 = 5*c + 13, -2*c + 2*f = -12. Suppose 7 = c*o + 3*g, -3*o + 2*g - 4 = -5*o. Suppose t + o = 20. What are the prime factors of t?
19
Let j(x) = x**3 - 7*x**2 - 2*x + 17. What are the prime factors of j(10)?
3, 11
Let d(q) = q**3 + 5*q**2 - 7*q - 4. Suppose 2*n = -4*l + 12, 2*l - 7*l - 4*n + 18 = 0. Suppose l*j = 3*j + 6. List the prime factors of d(j).
2
Let s = -370 + 633. List the prime factors of s.
263
Suppose 5*s - 277 = -17. What are the prime factors of s?
2, 13
Suppose 4*c + 7 = -17. Let n be (3/c)/((-2)/(-40)). List the prime factors of (6 + -10)/(4/n).
2, 5
Suppose -2*h + 7 = -23. Let z = -8 + h. List the prime factors of z.
7
What are the prime factors of 127 + (-13)/(-3) + (-16)/48?
131
Suppose -20 - 26 = 2*a. Let k = a + 37. What are the prime factors of k?
2, 7
Suppose 4*f - 4*n = 160, -f = 3*f - 3*n - 155. What are the prime factors of f?
5, 7
Let d(q) = q**2 - 10*q - 21. Let h be d(16). Suppose -5*m + h = 5*t, 2*t - 3*m - 29 = 6. What are the prime factors of t?
2
Let l(t) = 30*t**3 - 3*t**2 + 5*t - 2. List the prime factors of l(2).
2, 59
Suppose a - 5*o + 16 = 0, -a - 8 = 3*o - 4*o. Let b be (-4)/(-6) - (-64)/a. What are the prime factors of 5/b + (-30)/(-4)?
7
Let w = 11 - -2. Suppose -13*b + 10*b + 6 = 0. Let p = w - b. What are the prime factors of p?
11
Let p(s) = -s**3 + 8*s**2 + 3*s + 1. What are the prime factors of p(7)?
71
List the prime factors of (-1*1)/(311/(-155) + 2).
5, 31
Suppose -4*r + 0*f = -4*f - 376, 3*r - 254 = -4*f. What are the prime factors of r?
2, 3, 5
Suppose 2*p + 76 = 6*p. What are the prime factors of p?
19
Suppose 7 = -5*w - 3. List the prime factors of 1 + (-2 + -10)/w.
7
Let l be (-3 - 13)/((-1)/(-1)). Let w = -7 - l. What are the prime factors of w?
3
Suppose 5*b = 5*t + 220, 0 = 4*t - 8*t - 3*b - 162. Let v be (12/7)/(2/t). List the prime factors of (3/(-4))/(3/v).
3
Suppose 8 + 23 = r. What are the prime factors of r?
31
Suppose 303 = 5*k - 2*g, 0*g - 185 = -3*k + 2*g. What are the prime factors of k?
59
Suppose -5*v = -5 - 160. Suppose 0 = -4*d + 3*t + 13 + 22, -4*d + t = -v. List the prime factors of d.
2
Suppose 0 = -3*f - x + 76, 3*f - 3*x = 7*f - 108. What are the prime factors of f?
2, 3
Let j(l) = -4 - l + 0 - 2. Let i be j(-6). Suppose i = -0*c - c + 8. What are the prime factors of c?
2
Let u = 155 + -117. List the prime factors of u.
2, 19
Let b = -3 + 5. Suppose -l = -b - 6. Let f = l + -5. What are the prime factors of f?
3
Suppose 2*f - 9 = 1. Suppose 0 = 3*j - 5*m - 45, 109 = f*j + m + 2*m. List the prime factors of j.
2, 5
Let c(m) = -m**2 - 19*m - 13. What are the prime factors of c(-13)?
5, 13
Suppose 2*n + n = -5*f - 160, -2*n - 60 = 2*f. Let u(p) = -p - 23. Let w be u(0). Let t = w - f. What are the prime factors of t?
2, 3
Let g = -178 + 300. What are the prime factors of g?
2, 61
What are the prime factors of 2947/35*(4 + 1)?
421
Let o = -15 - -6. Let p = -3 - o. What are the prime factors of (-21)/p*(-12)/7?
2, 3
Let d(r) = 12*r**2 + 2*r - 1. What are the prime factors of d(1)?
13
Let u(s) = -s - 2. Let p(f) = -f**2 + 8*f - 9. Let j be p(6). Let g(o) = 2*o + 1. Let y(h) = j*g(h) + 2*u(h). What are the prime factors of y(2)?
7
Let r(m) = -13*m - 5. Let b be r(-5). Suppose -4*x - 2*g + b = 0, -g = -2*x - 4*g + 22. What are the prime factors of x?
17
Let a(z) = z**3 - 3*z**2 - 6*z + 6. Let t be a(4). Let y be t*(3/(-2) - 0). Suppose 3*n = 0, 2*s + 2*n = -y*n + 12. What are the prime factors of s?
2, 3
Suppose 5*v + n - 185 = 0, 0 = -2*n + 2 + 8. What are the prime factors of v?
2, 3
Let r(x) = x + 7. Let u be r(-5). Suppose 50 = 4*t + 5*q + 15, -q - u = -t. Suppose 0 = -t*m + 6 + 44. List the prime factors of m.
2, 5
Suppose -2*l = 3 - 73. What are the prime factors of l?
5, 7
Let w(x) = x**2 - 10*x - 7. Let m be w(12). Suppose -h + 39 = -m. What are the prime factors of h?
2, 7
Let c be 352/3 + (-2)/(-3). Suppose -c = -5*w + 57. What are the prime factors of w?
5, 7
Let z = 69 - 48. What are the prime factors of z?
3, 7
Let f(u) = -u**3 - 8*u**2 - 10*u - 3. Let g be f(-7). Suppose -3*d = -0*d + 108. List the prime factors of 284/g + (-8)/d.
2
Let h = 13 + -7. Let k = h + -4. Suppose -2*u + 11 = k*u - i, -5*u = -i - 15. List the prime factors of u.
2
Let s(p) = -p**2 + 3*p - 6. Let q be s(7). Let h = -17 - q. List the prime factors of h.
17
What are the prime factors of 16*(60/(-8))/(-5)?
2, 3
Let z(g) = g**3 + 3*g**2 - 7*g - 5. Suppose 2*i + 19 = 5*d + 4*i, 1 = d - i. Suppose -d + 7 = -x. List the prime factors of z(x).
7
Suppose 5*x - 4*z + 45 = 251, 4*x + z - 148 = 0. List the prime factors of x.
2, 19
List the prime factors of 13 - 4/(-5)*20/(-8).
11
List the prime factors of (-27)/(-18)*(16 + 2).
3
Suppose -12 + 4 = -4*u. Suppose -5*t = -u*t - 78. List the prime factors of t.
2, 13
Suppose -2*w = 4*u - 6, 0 = 3*w + 1 - 10. Suppose -2*b - 20 = 2*b - 5*x, 4*b + 3*x - 12 = u. Suppose -6*l + 2*l + 20 = b. What are the prime factors of l?
5
Let c be 1 + (-12)/(2 + -6). Suppose 3*l = -c*f + 6, f + f - 6 = -3*l. List the prime factors of l.
2
Let j = 210 + -90. List the prime factors of j.
2, 3, 5
Let j = -73 - -148. What are the prime factors of j?
3, 5
Suppose -r + 3 = -2. Suppose -80 = -5*q + r*b, -6*q + q + 3*b + 84 = 0. List the prime factors of q.
2, 3
Suppose -3 = j + n - 0, -12 = -j + 2*n. List the prime factors of j.
2
List the prime factors of (-126)/(-7)*(-20)/(-6).
2, 3, 5
Suppose 2*n = -0*n - 5*o + 39, 0 = -n + o + 2. Suppose -b + 17 = n. What are the prime factors of b?
2, 5
Suppose p - 2*d - 3 + 9 = 0, 4*p - 11 = d. Suppose